{"version":"1.0","provider_name":"Prima M\u00f6bel Lobenstein","provider_url":"https:\/\/prima-sb.de","author_name":"tRb7h59Cu","author_url":"https:\/\/prima-sb.de\/index.php\/author\/trb7h59cu\/","title":"Sessel - Prima M\u00f6bel Lobenstein","type":"rich","width":600,"height":338,"html":"<blockquote class=\"wp-embedded-content\" data-secret=\"8GCV4JVlTP\"><a href=\"https:\/\/prima-sb.de\/index.php\/wohnwelten\/sessel\/\">Sessel<\/a><\/blockquote><iframe sandbox=\"allow-scripts\" security=\"restricted\" src=\"https:\/\/prima-sb.de\/index.php\/wohnwelten\/sessel\/embed\/#?secret=8GCV4JVlTP\" width=\"600\" height=\"338\" title=\"&#8222;Sessel&#8220; &#8211; Prima M\u00f6bel Lobenstein\" data-secret=\"8GCV4JVlTP\" frameborder=\"0\" marginwidth=\"0\" marginheight=\"0\" scrolling=\"no\" class=\"wp-embedded-content\"><\/iframe><script type=\"text\/javascript\">\n\/* <![CDATA[ *\/\n\/*! This file is auto-generated *\/\n!function(d,l){\"use strict\";l.querySelector&&d.addEventListener&&\"undefined\"!=typeof URL&&(d.wp=d.wp||{},d.wp.receiveEmbedMessage||(d.wp.receiveEmbedMessage=function(e){var t=e.data;if((t||t.secret||t.message||t.value)&&!\/[^a-zA-Z0-9]\/.test(t.secret)){for(var s,r,n,a=l.querySelectorAll('iframe[data-secret=\"'+t.secret+'\"]'),o=l.querySelectorAll('blockquote[data-secret=\"'+t.secret+'\"]'),c=new RegExp(\"^https?:$\",\"i\"),i=0;i<o.length;i++)o[i].style.display=\"none\";for(i=0;i<a.length;i++)s=a[i],e.source===s.contentWindow&&(s.removeAttribute(\"style\"),\"height\"===t.message?(1e3<(r=parseInt(t.value,10))?r=1e3:~~r<200&&(r=200),s.height=r):\"link\"===t.message&&(r=new URL(s.getAttribute(\"src\")),n=new URL(t.value),c.test(n.protocol))&&n.host===r.host&&l.activeElement===s&&(d.top.location.href=t.value))}},d.addEventListener(\"message\",d.wp.receiveEmbedMessage,!1),l.addEventListener(\"DOMContentLoaded\",function(){for(var e,t,s=l.querySelectorAll(\"iframe.wp-embedded-content\"),r=0;r<s.length;r++)(t=(e=s[r]).getAttribute(\"data-secret\"))||(t=Math.random().toString(36).substring(2,12),e.src+=\"#?secret=\"+t,e.setAttribute(\"data-secret\",t)),e.contentWindow.postMessage({message:\"ready\",secret:t},\"*\")},!1)))}(window,document);\n\/\/# sourceURL=https:\/\/prima-sb.de\/wp-includes\/js\/wp-embed.min.js\n\/* ]]> *\/\n<\/script>\n","description":"[vc_row full_width=&#8220;stretch_row_content_no_spaces&#8220;][vc_column][vc_column_text][\/vc_column_text][\/vc_column][\/vc_row][vc_row][vc_column][vc_column_text css=&#8220;&#8220;][\/vc_column_text][\/vc_column][\/vc_row][vc_row disable_element=&#8220;yes&#8220;][vc_column][vc_column_text] Dreh- und Angelpunkt der Wohnungseinrichtung Suchen Sie die passende Einrichtung f\u00fcr ein gem\u00fctliches Esszimmer? Dann sind Sie bei uns in Bad Lobenstein an der richtigen Adresse! Wir f\u00fchren komfortable St\u00fchle, hochwertige Esstische, stimmungsvolle Beleuchtung sowie Vitrinen","thumbnail_url":"http:\/\/prima-sb.de\/wp-content\/uploads\/2016\/08\/speisezimmer-bruessel-2-274x300.jpg"}

Prima Möbel Lobenstein

Sessel - Prima Möbel Lobenstein

<blockquote class="wp-embedded-content" data-secret="8GCV4JVlTP"><a href="https://prima-sb.de/index.php/wohnwelten/sessel/">Sessel</a></blockquote><iframe sandbox="allow-scripts" security="restricted" src="https://prima-sb.de/index.php/wohnwelten/sessel/embed/#?secret=8GCV4JVlTP" width="600" height="338" title="&#8222;Sessel&#8220; &#8211; Prima Möbel Lobenstein" data-secret="8GCV4JVlTP" frameborder="0" marginwidth="0" marginheight="0" scrolling="no" class="wp-embedded-content"></iframe><script type="text/javascript">
/* <![CDATA[ */
/*! This file is auto-generated */
!function(d,l){"use strict";l.querySelector&&d.addEventListener&&"undefined"!=typeof URL&&(d.wp=d.wp||{},d.wp.receiveEmbedMessage||(d.wp.receiveEmbedMessage=function(e){var t=e.data;if((t||t.secret||t.message||t.value)&&!/[^a-zA-Z0-9]/.test(t.secret)){for(var s,r,n,a=l.querySelectorAll('iframe[data-secret="'+t.secret+'"]'),o=l.querySelectorAll('blockquote[data-secret="'+t.secret+'"]'),c=new RegExp("^https?:$","i"),i=0;i<o.length;i++)o[i].style.display="none";for(i=0;i<a.length;i++)s=a[i],e.source===s.contentWindow&&(s.removeAttribute("style"),"height"===t.message?(1e3<(r=parseInt(t.value,10))?r=1e3:~~r<200&&(r=200),s.height=r):"link"===t.message&&(r=new URL(s.getAttribute("src")),n=new URL(t.value),c.test(n.protocol))&&n.host===r.host&&l.activeElement===s&&(d.top.location.href=t.value))}},d.addEventListener("message",d.wp.receiveEmbedMessage,!1),l.addEventListener("DOMContentLoaded",function(){for(var e,t,s=l.querySelectorAll("iframe.wp-embedded-content"),r=0;r<s.length;r++)(t=(e=s[r]).getAttribute("data-secret"))||(t=Math.random().toString(36).substring(2,12),e.src+="#?secret="+t,e.setAttribute("data-secret",t)),e.contentWindow.postMessage({message:"ready",secret:t},"*")},!1)))}(window,document);
//# sourceURL=https://prima-sb.de/wp-includes/js/wp-embed.min.js
/* ]]> */
</script>

[vc_row full_width=&#8220;stretch_row_content_no_spaces&#8220;][vc_column][vc_column_text][/vc_column_text][/vc_column][/vc_row][vc_row][vc_column][vc_column_text css=&#8220;&#8220;][/vc_column_text][/vc_column][/vc_row][vc_row disable_element=&#8220;yes&#8220;][vc_column][vc_column_text] Dreh- und Angelpunkt der Wohnungseinrichtung Suchen Sie die passende Einrichtung für ein gemütliches Esszimmer? Dann sind Sie bei uns in Bad Lobenstein an der richtigen Adresse! Wir führen komfortable Stühle, hochwertige Esstische, stimmungsvolle Beleuchtung sowie Vitrinen
